{"id":927,"date":"2023-10-05T11:30:48","date_gmt":"2023-10-05T16:30:48","guid":{"rendered":"http:\/\/iccedenuevolaredo.org\/wpicce\/?page_id=927"},"modified":"2026-02-16T15:56:09","modified_gmt":"2026-02-16T20:56:09","slug":"codigo-de-etica-y-de-conducta","status":"publish","type":"page","link":"https:\/\/iccedenuevolaredo.org\/wpicce\/codigo-de-etica-y-de-conducta\/","title":{"rendered":"C\u00f3digo de \u00c9tica y de Conducta"},"content":{"rendered":"\n<h2 class=\"wp-block-heading\">C\u00f3digo de \u00c9tica<\/h2>\n\n\n\n<div class=\"wp-block-file\"><a id=\"wp-block-file--media-d91cbc02-5f7c-424b-b655-e01824bf9363\" href=\"https:\/\/iccedenuevolaredo.org\/wpicce\/wp-content\/uploads\/2026\/02\/Codigo-de-Etica-ICCE.pdf\">C\u00f3digo de \u00c9tica ICCE<\/a><a href=\"https:\/\/iccedenuevolaredo.org\/wpicce\/wp-content\/uploads\/2026\/02\/Codigo-de-Etica-ICCE.pdf\" class=\"wp-block-file__button wp-element-button\" download aria-describedby=\"wp-block-file--media-d91cbc02-5f7c-424b-b655-e01824bf9363\">Descarga<\/a><\/div>\n\n\n\n<hr class=\"wp-block-separator has-alpha-channel-opacity\"\/>\n\n\n\n<h2 class=\"wp-block-heading\">C\u00f3digo de Conducta<\/h2>\n\n\n\n<div class=\"wp-block-file\"><a id=\"wp-block-file--media-8fd09295-8c20-4246-aaa1-a651772ed039\" href=\"https:\/\/iccedenuevolaredo.org\/wpicce\/wp-content\/uploads\/2026\/02\/Codigo-de-Conducta-ICCE.pdf\">C\u00f3digo de Conducta ICCE<\/a><a href=\"https:\/\/iccedenuevolaredo.org\/wpicce\/wp-content\/uploads\/2026\/02\/Codigo-de-Conducta-ICCE.pdf\" class=\"wp-block-file__button wp-element-button\" download aria-describedby=\"wp-block-file--media-8fd09295-8c20-4246-aaa1-a651772ed039\">Descarga<\/a><\/div>\n\n\n\n<hr class=\"wp-block-separator has-alpha-channel-opacity\"\/>\n\n\n\n<h2 class=\"wp-block-heading\">Tr\u00edptico<\/h2>\n\n\n\n<div class=\"wp-block-file\"><a id=\"wp-block-file--media-a56c2b3d-8d41-4531-af32-ce45b1196725\" href=\"https:\/\/iccedenuevolaredo.org\/wpicce\/wp-content\/uploads\/2026\/02\/Triptico-del-Codigo-de-Conducta-1.pdf\">Tr\u00edptico del C\u00f3digo de Conducta<\/a><a href=\"https:\/\/iccedenuevolaredo.org\/wpicce\/wp-content\/uploads\/2026\/02\/Triptico-del-Codigo-de-Conducta-1.pdf\" class=\"wp-block-file__button wp-element-button\" download aria-describedby=\"wp-block-file--media-a56c2b3d-8d41-4531-af32-ce45b1196725\">Descarga<\/a><\/div>\n","protected":false},"excerpt":{"rendered":"<p>C\u00f3digo de \u00c9tica C\u00f3digo de Conducta Tr\u00edptico<\/p>\n","protected":false},"author":1,"featured_media":0,"parent":0,"menu_order":0,"comment_status":"closed","ping_status":"closed","template":"","meta":{"footnotes":""},"class_list":["post-927","page","type-page","status-publish","hentry"],"_links":{"self":[{"href":"https:\/\/iccedenuevolaredo.org\/wpicce\/wp-json\/wp\/v2\/pages\/927","targetHints":{"allow":["GET"]}}],"collection":[{"href":"https:\/\/iccedenuevolaredo.org\/wpicce\/wp-json\/wp\/v2\/pages"}],"about":[{"href":"https:\/\/iccedenuevolaredo.org\/wpicce\/wp-json\/wp\/v2\/types\/page"}],"author":[{"embeddable":true,"href":"https:\/\/iccedenuevolaredo.org\/wpicce\/wp-json\/wp\/v2\/users\/1"}],"replies":[{"embeddable":true,"href":"https:\/\/iccedenuevolaredo.org\/wpicce\/wp-json\/wp\/v2\/comments?post=927"}],"version-history":[{"count":7,"href":"https:\/\/iccedenuevolaredo.org\/wpicce\/wp-json\/wp\/v2\/pages\/927\/revisions"}],"predecessor-version":[{"id":1439,"href":"https:\/\/iccedenuevolaredo.org\/wpicce\/wp-json\/wp\/v2\/pages\/927\/revisions\/1439"}],"wp:attachment":[{"href":"https:\/\/iccedenuevolaredo.org\/wpicce\/wp-json\/wp\/v2\/media?parent=927"}],"curies":[{"name":"wp","href":"https:\/\/api.w.org\/{rel}","templated":true}]}}